{"id":1033,"date":"2023-10-23T16:43:56","date_gmt":"2023-10-23T14:43:56","guid":{"rendered":"https:\/\/www.emsp.int\/?page_id=1033"},"modified":"2025-09-29T15:30:40","modified_gmt":"2025-09-29T15:30:40","slug":"psd-2017-2018","status":"publish","type":"page","link":"https:\/\/www.emsp.int\/index.php\/psd-2017-2018\/","title":{"rendered":"PSD 2017-2018"},"content":{"rendered":"\t\t<div data-elementor-type=\"wp-page\" data-elementor-id=\"1033\" class=\"elementor elementor-1033\" data-elementor-post-type=\"page\">\n\t\t\t\t\t\t\t<div class=\"elementor-element elementor-element-bd2efde e-flex e-con-boxed e-con e-parent\" data-id=\"bd2efde\" data-element_type=\"container\" data-settings=\"{&quot;background_background&quot;:&quot;classic&quot;,&quot;content_width&quot;:&quot;boxed&quot;}\" data-core-v316-plus=\"true\">\n\t\t\t\t\t<div class=\"e-con-inner\">\n\t\t\t\t<div class=\"elementor-element elementor-element-8410ea2 elementor-widget elementor-widget-heading\" data-id=\"8410ea2\" data-element_type=\"widget\" data-widget_type=\"heading.default\">\n\t\t\t\t<div class=\"elementor-widget-container\">\n\t\t\t<style>\/*! elementor - v3.16.0 - 20-09-2023 *\/\n.elementor-heading-title{padding:0;margin:0;line-height:1}.elementor-widget-heading .elementor-heading-title[class*=elementor-size-]>a{color:inherit;font-size:inherit;line-height:inherit}.elementor-widget-heading .elementor-heading-title.elementor-size-small{font-size:15px}.elementor-widget-heading .elementor-heading-title.elementor-size-medium{font-size:19px}.elementor-widget-heading .elementor-heading-title.elementor-size-large{font-size:29px}.elementor-widget-heading .elementor-heading-title.elementor-size-xl{font-size:39px}.elementor-widget-heading .elementor-heading-title.elementor-size-xxl{font-size:59px}<\/style><h2 class=\"elementor-heading-title elementor-size-default\">LE PLAN STRAT\u00c9GIQUE DE D\u00c9VELOPPEMENT (PSD) 2022-2025<\/h2>\t\t<\/div>\n\t\t\t\t<\/div>\n\t\t\t\t\t<\/div>\n\t\t\t\t<\/div>\n\t\t<div class=\"elementor-element elementor-element-6bc8a73 e-flex e-con-boxed e-con e-parent\" data-id=\"6bc8a73\" data-element_type=\"container\" data-settings=\"{&quot;background_background&quot;:&quot;classic&quot;,&quot;content_width&quot;:&quot;boxed&quot;}\" data-core-v316-plus=\"true\">\n\t\t\t\t\t<div class=\"e-con-inner\">\n\t\t<div class=\"elementor-element elementor-element-fb48ecb e-con-full e-flex e-con e-child\" data-id=\"fb48ecb\" data-element_type=\"container\" data-settings=\"{&quot;content_width&quot;:&quot;full&quot;}\">\n\t\t\t\t<div class=\"elementor-element elementor-element-eda6b6f elementor-invisible elementor-widget elementor-widget-image\" data-id=\"eda6b6f\" data-element_type=\"widget\" data-settings=\"{&quot;motion_fx_motion_fx_scrolling&quot;:&quot;yes&quot;,&quot;motion_fx_translateY_effect&quot;:&quot;yes&quot;,&quot;_animation&quot;:&quot;fadeInLeft&quot;,&quot;_animation_delay&quot;:200,&quot;motion_fx_translateY_speed&quot;:{&quot;unit&quot;:&quot;px&quot;,&quot;size&quot;:4,&quot;sizes&quot;:[]},&quot;motion_fx_translateY_affectedRange&quot;:{&quot;unit&quot;:&quot;%&quot;,&quot;size&quot;:&quot;&quot;,&quot;sizes&quot;:{&quot;start&quot;:0,&quot;end&quot;:100}},&quot;motion_fx_devices&quot;:[&quot;desktop&quot;,&quot;laptop&quot;,&quot;tablet&quot;,&quot;mobile&quot;]}\" data-widget_type=\"image.default\">\n\t\t\t\t<div class=\"elementor-widget-container\">\n\t\t\t<style>\/*! elementor - v3.16.0 - 20-09-2023 *\/\n.elementor-widget-image{text-align:center}.elementor-widget-image a{display:inline-block}.elementor-widget-image a img[src$=\".svg\"]{width:48px}.elementor-widget-image img{vertical-align:middle;display:inline-block}<\/style>\t\t\t\t\t\t\t\t\t\t\t\t<img loading=\"lazy\" decoding=\"async\" width=\"1500\" height=\"1000\" src=\"https:\/\/www.emsp.int\/wp-content\/uploads\/2024\/04\/Img010.png\" class=\"attachment-full size-full wp-image-2617\" alt=\"\" srcset=\"https:\/\/www.emsp.int\/wp-content\/uploads\/2024\/04\/Img010.png 1500w, https:\/\/www.emsp.int\/wp-content\/uploads\/2024\/04\/Img010-300x200.png 300w, https:\/\/www.emsp.int\/wp-content\/uploads\/2024\/04\/Img010-1024x683.png 1024w, https:\/\/www.emsp.int\/wp-content\/uploads\/2024\/04\/Img010-768x512.png 768w\" sizes=\"(max-width: 1500px) 100vw, 1500px\" \/>\t\t\t\t\t\t\t\t\t\t\t\t\t\t\t<\/div>\n\t\t\t\t<\/div>\n\t\t\t\t<\/div>\n\t\t<div class=\"elementor-element elementor-element-702c6ba e-con-full e-flex e-con e-child\" data-id=\"702c6ba\" data-element_type=\"container\" data-settings=\"{&quot;content_width&quot;:&quot;full&quot;}\">\n\t\t\t\t<div class=\"elementor-element elementor-element-d132f1d elementor-widget elementor-widget-heading\" data-id=\"d132f1d\" data-element_type=\"widget\" data-widget_type=\"heading.default\">\n\t\t\t\t<div class=\"elementor-widget-container\">\n\t\t\t<h2 class=\"elementor-heading-title elementor-size-default\">PERSPECTIVES <\/h2>\t\t<\/div>\n\t\t\t\t<\/div>\n\t\t\t\t<div class=\"elementor-element elementor-element-6e0dad9 elementor-widget elementor-widget-text-editor\" data-id=\"6e0dad9\" data-element_type=\"widget\" data-widget_type=\"text-editor.default\">\n\t\t\t\t<div class=\"elementor-widget-container\">\n\t\t\t<style>\/*! elementor - v3.16.0 - 20-09-2023 *\/\n.elementor-widget-text-editor.elementor-drop-cap-view-stacked .elementor-drop-cap{background-color:#69727d;color:#fff}.elementor-widget-text-editor.elementor-drop-cap-view-framed .elementor-drop-cap{color:#69727d;border:3px solid;background-color:transparent}.elementor-widget-text-editor:not(.elementor-drop-cap-view-default) .elementor-drop-cap{margin-top:8px}.elementor-widget-text-editor:not(.elementor-drop-cap-view-default) .elementor-drop-cap-letter{width:1em;height:1em}.elementor-widget-text-editor .elementor-drop-cap{float:left;text-align:center;line-height:1;font-size:50px}.elementor-widget-text-editor .elementor-drop-cap-letter{display:inline-block}<\/style>\t\t\t\t<p>Notre mission est de traduire et concr\u00e9tiser la vision des Etats membres de l\u2019EMSP, \u00e0 travers la mise en \u0153uvre du Plan Strat\u00e9gique en 5 axes principaux, pr\u00e9sent\u00e9s et approuv\u00e9s par le Conseil d\u2019Administration du jeudi 10 F\u00e9vrier 2022.<\/p>\t\t\t\t\t\t<\/div>\n\t\t\t\t<\/div>\n\t\t\t\t<\/div>\n\t\t\t\t\t<\/div>\n\t\t\t\t<\/div>\n\t\t<div class=\"elementor-element elementor-element-e1cbdb1 e-flex e-con-boxed e-con e-parent\" data-id=\"e1cbdb1\" data-element_type=\"container\" data-settings=\"{&quot;content_width&quot;:&quot;boxed&quot;}\" data-core-v316-plus=\"true\">\n\t\t\t\t\t<div class=\"e-con-inner\">\n\t\t\t\t<div class=\"elementor-element elementor-element-b936526 elementor-widget elementor-widget-heading\" data-id=\"b936526\" data-element_type=\"widget\" data-widget_type=\"heading.default\">\n\t\t\t\t<div class=\"elementor-widget-container\">\n\t\t\t<h3 class=\"elementor-heading-title elementor-size-default\">OBJECTIF STRATEGIQUE PRINCIPAL<\/h3>\t\t<\/div>\n\t\t\t\t<\/div>\n\t\t\t\t<div class=\"elementor-element elementor-element-61c501d elementor-widget elementor-widget-text-editor\" data-id=\"61c501d\" data-element_type=\"widget\" data-widget_type=\"text-editor.default\">\n\t\t\t\t<div class=\"elementor-widget-container\">\n\t\t\t\t\t\t\t<p>Faire de l\u2019EMSP une grande \u00e9cole d\u2019excellence et \u00e9mergente \u00e0 l\u2019horizon 2025.<\/p>\t\t\t\t\t\t<\/div>\n\t\t\t\t<\/div>\n\t\t\t\t\t<\/div>\n\t\t\t\t<\/div>\n\t\t<div class=\"elementor-element elementor-element-37aca39 e-flex e-con-boxed e-con e-parent\" data-id=\"37aca39\" data-element_type=\"container\" data-settings=\"{&quot;background_background&quot;:&quot;classic&quot;,&quot;content_width&quot;:&quot;boxed&quot;}\" data-core-v316-plus=\"true\">\n\t\t\t\t\t<div class=\"e-con-inner\">\n\t\t<div class=\"elementor-element elementor-element-f254183 e-con-full e-flex e-con e-child\" data-id=\"f254183\" data-element_type=\"container\" data-settings=\"{&quot;content_width&quot;:&quot;full&quot;}\">\n\t\t\t\t<div class=\"elementor-element elementor-element-5af4291 elementor-view-default elementor-position-top elementor-mobile-position-top elementor-widget elementor-widget-icon-box\" data-id=\"5af4291\" data-element_type=\"widget\" data-widget_type=\"icon-box.default\">\n\t\t\t\t<div class=\"elementor-widget-container\">\n\t\t\t<link rel=\"stylesheet\" href=\"https:\/\/www.emsp.int\/wp-content\/uploads\/elementor\/css\/custom-widget-icon-box.min.css?ver=1753291122\">\t\t<div class=\"elementor-icon-box-wrapper\">\n\t\t\t\t\t\t<div class=\"elementor-icon-box-icon\">\n\t\t\t\t<span  class=\"elementor-icon elementor-animation-\">\n\t\t\t\t<svg xmlns=\"http:\/\/www.w3.org\/2000\/svg\" width=\"61\" height=\"62\" viewBox=\"0 0 61 62\" fill=\"none\"><path d=\"M30.5 0.40625C36.0176 0.40625 41.1445 1.79785 45.8809 4.58105C50.4707 7.2666 54.1084 10.9043 56.7939 15.4941C59.5771 20.2305 60.9688 25.3574 60.9688 30.875C60.9688 36.3926 59.5771 41.5195 56.7939 46.2559C54.1084 50.8457 50.4707 54.4834 45.8809 57.1689C41.1445 59.9521 36.0176 61.3438 30.5 61.3438C24.9824 61.3438 19.8555 59.9521 15.1191 57.1689C10.5293 54.4834 6.8916 50.8457 4.20605 46.2559C1.42285 41.5195 0.03125 36.3926 0.03125 30.875C0.03125 25.3574 1.42285 20.2305 4.20605 15.4941C6.8916 10.9043 10.5293 7.2666 15.1191 4.58105C19.8555 1.79785 24.9824 0.40625 30.5 0.40625ZM30.5 2.75C25.4219 2.75 20.6855 4.01953 16.291 6.55859C12.043 9.04883 8.67383 12.418 6.18359 16.666C3.64453 21.0605 2.375 25.7969 2.375 30.875C2.375 35.9531 3.64453 40.6895 6.18359 45.084C8.67383 49.332 12.043 52.7012 16.291 55.1914C20.6855 57.7305 25.4219 59 30.5 59C35.5781 59 40.3145 57.7305 44.709 55.1914C48.957 52.7012 52.3262 49.332 54.8164 45.084C57.3555 40.6895 58.625 35.9531 58.625 30.875C58.625 25.7969 57.3555 21.0605 54.8164 16.666C52.3262 12.418 48.957 9.04883 44.709 6.55859C40.3145 4.01953 35.5781 2.75 30.5 2.75ZM30.5 7.4375C34.748 7.4375 38.6787 8.51172 42.292 10.6602C45.8564 12.7109 48.6641 15.5186 50.7148 19.083C52.8633 22.6963 53.9375 26.627 53.9375 30.875C53.9375 35.123 52.8633 39.0537 50.7148 42.667C48.6641 46.2314 45.8564 49.0391 42.292 51.0898C38.6787 53.2383 34.748 54.3125 30.5 54.3125C26.252 54.3125 22.3213 53.2383 18.708 51.0898C15.1436 49.0391 12.3359 46.2314 10.2852 42.667C8.13672 39.0537 7.0625 35.123 7.0625 30.875C7.0625 26.627 8.13672 22.6963 10.2852 19.083C12.3359 15.5186 15.1436 12.7109 18.708 10.6602C22.3213 8.51172 26.252 7.4375 30.5 7.4375ZM30.5 12.125C27.082 12.125 23.9326 12.9795 21.0518 14.6885C18.2197 16.3486 15.9492 18.6191 14.2402 21.5C12.5801 24.332 11.75 27.457 11.75 30.875C11.75 34.293 12.5801 37.4424 14.2402 40.3232C15.9492 43.1553 18.2197 45.4258 21.0518 47.1348C23.9326 48.7949 27.082 49.625 30.5 49.625C33.918 49.625 37.043 48.7949 39.875 47.1348C42.7559 45.4258 45.0264 43.1553 46.6865 40.3232C48.3955 37.4424 49.25 34.293 49.25 30.875C49.25 27.457 48.3955 24.332 46.6865 21.5C45.0264 18.6191 42.7559 16.3486 39.875 14.6885C37.043 12.9795 33.918 12.125 30.5 12.125ZM30.5 16.8125C33.0391 16.8125 35.3828 17.4473 37.5312 18.7168C39.6797 19.9863 41.3887 21.6953 42.6582 23.8438C43.9277 25.9922 44.5625 28.3359 44.5625 30.875C44.5625 33.4141 43.9277 35.7578 42.6582 37.9062C41.3887 40.0547 39.6797 41.7637 37.5312 43.0332C35.3828 44.3027 33.0391 44.9375 30.5 44.9375C27.9609 44.9375 25.6172 44.3027 23.4688 43.0332C21.3203 41.7637 19.6113 40.0547 18.3418 37.9062C17.0723 35.7578 16.4375 33.4141 16.4375 30.875C16.4375 28.3359 17.0723 25.9922 18.3418 23.8438C19.6113 21.6953 21.3203 19.9863 23.4688 18.7168C25.6172 17.4473 27.9609 16.8125 30.5 16.8125ZM30.5 21.5C28.791 21.5 27.2041 21.915 25.7393 22.7451C24.3232 23.5752 23.2002 24.7227 22.3701 26.1875C21.54 27.6035 21.125 29.166 21.125 30.875C21.125 32.584 21.54 34.1709 22.3701 35.6357C23.2002 37.0518 24.3232 38.1748 25.7393 39.0049C27.2041 39.835 28.791 40.25 30.5 40.25C32.209 40.25 33.7715 39.835 35.1875 39.0049C36.6523 38.1748 37.7998 37.0518 38.6299 35.6357C39.46 34.1709 39.875 32.584 39.875 30.875C39.875 29.166 39.46 27.6035 38.6299 26.1875C37.7998 24.7227 36.6523 23.5752 35.1875 22.7451C33.7715 21.915 32.209 21.5 30.5 21.5ZM30.5 26.1875C31.8184 26.1875 32.917 26.6514 33.7959 27.5791C34.7236 28.458 35.1875 29.5566 35.1875 30.875C35.1875 32.1934 34.7236 33.3164 33.7959 34.2441C32.917 35.123 31.8184 35.5625 30.5 35.5625C29.1816 35.5625 28.0586 35.123 27.1309 34.2441C26.252 33.3164 25.8125 32.1934 25.8125 30.875C25.8125 29.5566 26.252 28.458 27.1309 27.5791C28.0586 26.6514 29.1816 26.1875 30.5 26.1875Z\" fill=\"#EF9C00\"><\/path><\/svg>\t\t\t\t<\/span>\n\t\t\t<\/div>\n\t\t\t\t\t\t<div class=\"elementor-icon-box-content\">\n\t\t\t\t<h3 class=\"elementor-icon-box-title\">\n\t\t\t\t\t<span  >\n\t\t\t\t\t\tLES 5 AXES STRATEGIQUES\t\t\t\t\t<\/span>\n\t\t\t\t<\/h3>\n\t\t\t\t\t\t\t\t\t<p class=\"elementor-icon-box-description\">\n\t\t\t\t\t\t- Axe 1 : Renforcement et Diversification des offres de services<br>\n- Axe 2 : D\u00e9veloppement et Promotion de la recherche et de l\u2019innovation<br>\n- Axe 3 : Coop\u00e9ration, Dimension internationale et P\u00e9rennisation des activit\u00e9s de l\u2019Institution<br>\n- Axe 4 : R\u00e9habilitation et Modernisation des infrastructures et \u00e9quipements de l\u2019Ecole<br>\n- Axe 5 : Gouvernance, Projets structurants et Financement de l\u2019Institution\t\t\t\t\t<\/p>\n\t\t\t\t\t\t\t<\/div>\n\t\t<\/div>\n\t\t\t\t<\/div>\n\t\t\t\t<\/div>\n\t\t\t\t<\/div>\n\t\t\t\t\t<\/div>\n\t\t\t\t<\/div>\n\t\t<div class=\"elementor-element elementor-element-1bf49a9 e-flex e-con-boxed e-con e-parent\" data-id=\"1bf49a9\" data-element_type=\"container\" data-settings=\"{&quot;background_background&quot;:&quot;classic&quot;,&quot;content_width&quot;:&quot;boxed&quot;}\" data-core-v316-plus=\"true\">\n\t\t\t\t\t<div class=\"e-con-inner\">\n\t\t<div class=\"elementor-element elementor-element-80cb3ba e-con-full e-flex e-con e-child\" data-id=\"80cb3ba\" data-element_type=\"container\" data-settings=\"{&quot;content_width&quot;:&quot;full&quot;}\">\n\t\t\t\t<div class=\"elementor-element elementor-element-7d78555 elementor-view-default elementor-position-top elementor-mobile-position-top elementor-widget elementor-widget-icon-box\" data-id=\"7d78555\" data-element_type=\"widget\" data-widget_type=\"icon-box.default\">\n\t\t\t\t<div class=\"elementor-widget-container\">\n\t\t\t\t\t<div class=\"elementor-icon-box-wrapper\">\n\t\t\t\t\t\t<div class=\"elementor-icon-box-icon\">\n\t\t\t\t<span  class=\"elementor-icon elementor-animation-\">\n\t\t\t\t<svg xmlns=\"http:\/\/www.w3.org\/2000\/svg\" width=\"61\" height=\"62\" viewBox=\"0 0 61 62\" fill=\"none\"><path d=\"M30.5 0.40625C36.0176 0.40625 41.1445 1.79785 45.8809 4.58105C50.4707 7.2666 54.1084 10.9043 56.7939 15.4941C59.5771 20.2305 60.9688 25.3574 60.9688 30.875C60.9688 36.3926 59.5771 41.5195 56.7939 46.2559C54.1084 50.8457 50.4707 54.4834 45.8809 57.1689C41.1445 59.9521 36.0176 61.3438 30.5 61.3438C24.9824 61.3438 19.8555 59.9521 15.1191 57.1689C10.5293 54.4834 6.8916 50.8457 4.20605 46.2559C1.42285 41.5195 0.03125 36.3926 0.03125 30.875C0.03125 25.3574 1.42285 20.2305 4.20605 15.4941C6.8916 10.9043 10.5293 7.2666 15.1191 4.58105C19.8555 1.79785 24.9824 0.40625 30.5 0.40625ZM30.5 2.75C25.4219 2.75 20.6855 4.01953 16.291 6.55859C12.043 9.04883 8.67383 12.418 6.18359 16.666C3.64453 21.0605 2.375 25.7969 2.375 30.875C2.375 35.9531 3.64453 40.6895 6.18359 45.084C8.67383 49.332 12.043 52.7012 16.291 55.1914C20.6855 57.7305 25.4219 59 30.5 59C35.5781 59 40.3145 57.7305 44.709 55.1914C48.957 52.7012 52.3262 49.332 54.8164 45.084C57.3555 40.6895 58.625 35.9531 58.625 30.875C58.625 25.7969 57.3555 21.0605 54.8164 16.666C52.3262 12.418 48.957 9.04883 44.709 6.55859C40.3145 4.01953 35.5781 2.75 30.5 2.75ZM30.5 7.4375C34.748 7.4375 38.6787 8.51172 42.292 10.6602C45.8564 12.7109 48.6641 15.5186 50.7148 19.083C52.8633 22.6963 53.9375 26.627 53.9375 30.875C53.9375 35.123 52.8633 39.0537 50.7148 42.667C48.6641 46.2314 45.8564 49.0391 42.292 51.0898C38.6787 53.2383 34.748 54.3125 30.5 54.3125C26.252 54.3125 22.3213 53.2383 18.708 51.0898C15.1436 49.0391 12.3359 46.2314 10.2852 42.667C8.13672 39.0537 7.0625 35.123 7.0625 30.875C7.0625 26.627 8.13672 22.6963 10.2852 19.083C12.3359 15.5186 15.1436 12.7109 18.708 10.6602C22.3213 8.51172 26.252 7.4375 30.5 7.4375ZM30.5 12.125C27.082 12.125 23.9326 12.9795 21.0518 14.6885C18.2197 16.3486 15.9492 18.6191 14.2402 21.5C12.5801 24.332 11.75 27.457 11.75 30.875C11.75 34.293 12.5801 37.4424 14.2402 40.3232C15.9492 43.1553 18.2197 45.4258 21.0518 47.1348C23.9326 48.7949 27.082 49.625 30.5 49.625C33.918 49.625 37.043 48.7949 39.875 47.1348C42.7559 45.4258 45.0264 43.1553 46.6865 40.3232C48.3955 37.4424 49.25 34.293 49.25 30.875C49.25 27.457 48.3955 24.332 46.6865 21.5C45.0264 18.6191 42.7559 16.3486 39.875 14.6885C37.043 12.9795 33.918 12.125 30.5 12.125ZM30.5 16.8125C33.0391 16.8125 35.3828 17.4473 37.5312 18.7168C39.6797 19.9863 41.3887 21.6953 42.6582 23.8438C43.9277 25.9922 44.5625 28.3359 44.5625 30.875C44.5625 33.4141 43.9277 35.7578 42.6582 37.9062C41.3887 40.0547 39.6797 41.7637 37.5312 43.0332C35.3828 44.3027 33.0391 44.9375 30.5 44.9375C27.9609 44.9375 25.6172 44.3027 23.4688 43.0332C21.3203 41.7637 19.6113 40.0547 18.3418 37.9062C17.0723 35.7578 16.4375 33.4141 16.4375 30.875C16.4375 28.3359 17.0723 25.9922 18.3418 23.8438C19.6113 21.6953 21.3203 19.9863 23.4688 18.7168C25.6172 17.4473 27.9609 16.8125 30.5 16.8125ZM30.5 21.5C28.791 21.5 27.2041 21.915 25.7393 22.7451C24.3232 23.5752 23.2002 24.7227 22.3701 26.1875C21.54 27.6035 21.125 29.166 21.125 30.875C21.125 32.584 21.54 34.1709 22.3701 35.6357C23.2002 37.0518 24.3232 38.1748 25.7393 39.0049C27.2041 39.835 28.791 40.25 30.5 40.25C32.209 40.25 33.7715 39.835 35.1875 39.0049C36.6523 38.1748 37.7998 37.0518 38.6299 35.6357C39.46 34.1709 39.875 32.584 39.875 30.875C39.875 29.166 39.46 27.6035 38.6299 26.1875C37.7998 24.7227 36.6523 23.5752 35.1875 22.7451C33.7715 21.915 32.209 21.5 30.5 21.5ZM30.5 26.1875C31.8184 26.1875 32.917 26.6514 33.7959 27.5791C34.7236 28.458 35.1875 29.5566 35.1875 30.875C35.1875 32.1934 34.7236 33.3164 33.7959 34.2441C32.917 35.123 31.8184 35.5625 30.5 35.5625C29.1816 35.5625 28.0586 35.123 27.1309 34.2441C26.252 33.3164 25.8125 32.1934 25.8125 30.875C25.8125 29.5566 26.252 28.458 27.1309 27.5791C28.0586 26.6514 29.1816 26.1875 30.5 26.1875Z\" fill=\"#EF9C00\"><\/path><\/svg>\t\t\t\t<\/span>\n\t\t\t<\/div>\n\t\t\t\t\t\t<div class=\"elementor-icon-box-content\">\n\t\t\t\t<h3 class=\"elementor-icon-box-title\">\n\t\t\t\t\t<span  >\n\t\t\t\t\t\tLES SOUS-AXES STRATEGIQUES\t\t\t\t\t<\/span>\n\t\t\t\t<\/h3>\n\t\t\t\t\t\t\t\t\t<p class=\"elementor-icon-box-description\">\n\t\t\t\t\t\t-\tAdapter les offres existantes et cr\u00e9er de nouveaux programmes et parcours de Formations Initiales Dipl\u00f4mantes (FID)<br>\n-\tRedynamiser les Formations Continues Qualifiantes (FCQ)<br>\n-\tD\u00e9velopper des offres de services d\u2019Expertise, de Consultance et de Projets (ECP)<br>\n-\tOuvrir les formations aux Non Francophones (FNF)<br>\n-\tD\u00e9finir le cadre et les moyens de la recherche \u00e0 l\u2019EMSP<br>\n-\tPromouvoir et valoriser les r\u00e9sultats de la recherche et de l\u2019innovation dans les domaines de l\u2019Economie Num\u00e9rique, de la Poste et des Services Financiers<br>\n-\tFaire du lobbying et de la Sensibilisation sur l\u2019EMSP\n-\tD\u00e9velopper la Coop\u00e9ration et les Partenariats<br>\n-\tElaborer et mettre en \u0153uvre le plan de Communication<br>\n-\tR\u00e9habiliter les infrastructures-b\u00e2timents de l\u2019Ecole<br>\n-\tEquiper les nouvelles installations en mobiliers, mat\u00e9riels et outillage<br>\n-\tElaborer et r\u00e9aliser le projet de construction et d\u2019\u00e9quipement de l\u2019EMSP<br>\n-\tMettre en place de nouveaux outils et instruments de gouvernance, adapter la structure de l\u2019organisation et adopter une politique de r\u00e9mun\u00e9ration et sociale motivante du personnel<br>\n-\tMettre en \u0153uvre les Projets du Plan d\u2019Actions Prioritaires (PAP) de l\u2019EMSP d\u00e9finis avec le MENUTI et des Projets Majeurs et Structurants<br>\n-\tAccroitre les ressources financi\u00e8res pour assurer l\u2019\u00e9quilibre financier et le d\u00e9veloppement de l\u2019EMSP\n\t\t\t\t\t<\/p>\n\t\t\t\t\t\t\t<\/div>\n\t\t<\/div>\n\t\t\t\t<\/div>\n\t\t\t\t<\/div>\n\t\t\t\t<\/div>\n\t\t\t\t\t<\/div>\n\t\t\t\t<\/div>\n\t\t\t\t\t\t\t<\/div>\n\t\t","protected":false},"excerpt":{"rendered":"<p>LE PLAN STRAT\u00c9GIQUE DE D\u00c9VELOPPEMENT (PSD) 2022-2025 PERSPECTIVES Notre mission est de traduire et concr\u00e9tiser la vision des Etats membres de l\u2019EMSP, \u00e0 travers la mise en \u0153uvre du Plan Strat\u00e9gique en 5 axes principaux, pr\u00e9sent\u00e9s et approuv\u00e9s par le Conseil d\u2019Administration du jeudi 10 F\u00e9vrier 2022. OBJECTIF STRATEGIQUE PRINCIPAL Faire de l\u2019EMSP une grande [&hellip;]<\/p>\n","protected":false},"author":1,"featured_media":0,"parent":0,"menu_order":0,"comment_status":"closed","ping_status":"closed","template":"","meta":{"footnotes":""},"acf":[],"jetpack_sharing_enabled":true,"_links":{"self":[{"href":"https:\/\/www.emsp.int\/index.php\/wp-json\/wp\/v2\/pages\/1033"}],"collection":[{"href":"https:\/\/www.emsp.int\/index.php\/wp-json\/wp\/v2\/pages"}],"about":[{"href":"https:\/\/www.emsp.int\/index.php\/wp-json\/wp\/v2\/types\/page"}],"author":[{"embeddable":true,"href":"https:\/\/www.emsp.int\/index.php\/wp-json\/wp\/v2\/users\/1"}],"replies":[{"embeddable":true,"href":"https:\/\/www.emsp.int\/index.php\/wp-json\/wp\/v2\/comments?post=1033"}],"version-history":[{"count":75,"href":"https:\/\/www.emsp.int\/index.php\/wp-json\/wp\/v2\/pages\/1033\/revisions"}],"predecessor-version":[{"id":3297,"href":"https:\/\/www.emsp.int\/index.php\/wp-json\/wp\/v2\/pages\/1033\/revisions\/3297"}],"wp:attachment":[{"href":"https:\/\/www.emsp.int\/index.php\/wp-json\/wp\/v2\/media?parent=1033"}],"curies":[{"name":"wp","href":"https:\/\/api.w.org\/{rel}","templated":true}]}}