{"id":1047,"date":"2023-10-23T17:03:01","date_gmt":"2023-10-23T15:03:01","guid":{"rendered":"https:\/\/www.emsp.int\/?page_id=1047"},"modified":"2024-05-15T15:09:43","modified_gmt":"2024-05-15T15:09:43","slug":"admission-aux-fcp","status":"publish","type":"page","link":"https:\/\/www.emsp.int\/index.php\/admission-aux-fcp\/","title":{"rendered":"ADMISSION AUX FCP"},"content":{"rendered":"\t\t<div data-elementor-type=\"wp-page\" data-elementor-id=\"1047\" class=\"elementor elementor-1047\" data-elementor-post-type=\"page\">\n\t\t\t\t\t\t\t<div class=\"elementor-element elementor-element-70680e9 e-flex e-con-boxed e-con e-parent\" data-id=\"70680e9\" data-element_type=\"container\" data-settings=\"{&quot;background_background&quot;:&quot;classic&quot;,&quot;content_width&quot;:&quot;boxed&quot;}\" data-core-v316-plus=\"true\">\n\t\t\t\t\t<div class=\"e-con-inner\">\n\t\t\t\t<div class=\"elementor-element elementor-element-e78d534 elementor-widget elementor-widget-heading\" data-id=\"e78d534\" data-element_type=\"widget\" data-widget_type=\"heading.default\">\n\t\t\t\t<div class=\"elementor-widget-container\">\n\t\t\t<style>\/*! elementor - v3.16.0 - 20-09-2023 *\/\n.elementor-heading-title{padding:0;margin:0;line-height:1}.elementor-widget-heading .elementor-heading-title[class*=elementor-size-]>a{color:inherit;font-size:inherit;line-height:inherit}.elementor-widget-heading .elementor-heading-title.elementor-size-small{font-size:15px}.elementor-widget-heading .elementor-heading-title.elementor-size-medium{font-size:19px}.elementor-widget-heading .elementor-heading-title.elementor-size-large{font-size:29px}.elementor-widget-heading .elementor-heading-title.elementor-size-xl{font-size:39px}.elementor-widget-heading .elementor-heading-title.elementor-size-xxl{font-size:59px}<\/style><h2 class=\"elementor-heading-title elementor-size-default\">ADMISSION AUX FCP\n<\/h2>\t\t<\/div>\n\t\t\t\t<\/div>\n\t\t\t\t\t<\/div>\n\t\t\t\t<\/div>\n\t\t<div class=\"elementor-element elementor-element-916d4b5 e-flex e-con-boxed e-con e-parent\" data-id=\"916d4b5\" data-element_type=\"container\" data-settings=\"{&quot;content_width&quot;:&quot;boxed&quot;}\" data-core-v316-plus=\"true\">\n\t\t\t\t\t<div class=\"e-con-inner\">\n\t\t<div class=\"elementor-element elementor-element-6990fcb e-con-full e-flex e-con e-child\" data-id=\"6990fcb\" data-element_type=\"container\" data-settings=\"{&quot;content_width&quot;:&quot;full&quot;,&quot;background_background&quot;:&quot;classic&quot;}\">\n\t\t\t\t<div class=\"elementor-element elementor-element-b0cf589 elementor-invisible elementor-widget elementor-widget-image\" data-id=\"b0cf589\" data-element_type=\"widget\" data-settings=\"{&quot;motion_fx_motion_fx_scrolling&quot;:&quot;yes&quot;,&quot;motion_fx_translateY_effect&quot;:&quot;yes&quot;,&quot;_animation&quot;:&quot;fadeInLeft&quot;,&quot;_animation_delay&quot;:200,&quot;motion_fx_translateY_speed&quot;:{&quot;unit&quot;:&quot;px&quot;,&quot;size&quot;:4,&quot;sizes&quot;:[]},&quot;motion_fx_translateY_affectedRange&quot;:{&quot;unit&quot;:&quot;%&quot;,&quot;size&quot;:&quot;&quot;,&quot;sizes&quot;:{&quot;start&quot;:0,&quot;end&quot;:100}},&quot;motion_fx_devices&quot;:[&quot;desktop&quot;,&quot;laptop&quot;,&quot;tablet&quot;,&quot;mobile&quot;]}\" data-widget_type=\"image.default\">\n\t\t\t\t<div class=\"elementor-widget-container\">\n\t\t\t<style>\/*! elementor - v3.16.0 - 20-09-2023 *\/\n.elementor-widget-image{text-align:center}.elementor-widget-image a{display:inline-block}.elementor-widget-image a img[src$=\".svg\"]{width:48px}.elementor-widget-image img{vertical-align:middle;display:inline-block}<\/style>\t\t\t\t\t\t\t\t\t\t\t\t<img loading=\"lazy\" decoding=\"async\" width=\"596\" height=\"596\" src=\"https:\/\/www.emsp.int\/wp-content\/uploads\/2024\/04\/Ellipse-2.png\" class=\"attachment-full size-full wp-image-2701\" alt=\"\" srcset=\"https:\/\/www.emsp.int\/wp-content\/uploads\/2024\/04\/Ellipse-2.png 596w, https:\/\/www.emsp.int\/wp-content\/uploads\/2024\/04\/Ellipse-2-300x300.png 300w, https:\/\/www.emsp.int\/wp-content\/uploads\/2024\/04\/Ellipse-2-150x150.png 150w\" sizes=\"(max-width: 596px) 100vw, 596px\" \/>\t\t\t\t\t\t\t\t\t\t\t\t\t\t\t<\/div>\n\t\t\t\t<\/div>\n\t\t\t\t<div class=\"elementor-element elementor-element-88ea0ca elementor-absolute elementor-invisible elementor-widget elementor-widget-image\" data-id=\"88ea0ca\" data-element_type=\"widget\" data-settings=\"{&quot;_position&quot;:&quot;absolute&quot;,&quot;motion_fx_motion_fx_mouse&quot;:&quot;yes&quot;,&quot;motion_fx_mouseTrack_effect&quot;:&quot;yes&quot;,&quot;motion_fx_mouseTrack_direction&quot;:&quot;negative&quot;,&quot;motion_fx_mouseTrack_speed&quot;:{&quot;unit&quot;:&quot;px&quot;,&quot;size&quot;:1.2,&quot;sizes&quot;:[]},&quot;_animation&quot;:&quot;fadeIn&quot;,&quot;_animation_delay&quot;:505}\" data-widget_type=\"image.default\">\n\t\t\t\t<div class=\"elementor-widget-container\">\n\t\t\t\t\t\t\t\t\t\t\t\t\t\t\t<img loading=\"lazy\" decoding=\"async\" width=\"147\" height=\"136\" src=\"https:\/\/www.emsp.int\/wp-content\/uploads\/2023\/09\/forme.png\" class=\"attachment-full size-full wp-image-154\" alt=\"\" \/>\t\t\t\t\t\t\t\t\t\t\t\t\t\t\t<\/div>\n\t\t\t\t<\/div>\n\t\t\t\t<\/div>\n\t\t<div class=\"elementor-element elementor-element-0cf31e6 e-con-full e-flex e-con e-child\" data-id=\"0cf31e6\" data-element_type=\"container\" data-settings=\"{&quot;content_width&quot;:&quot;full&quot;}\">\n\t\t\t\t<div class=\"elementor-element elementor-element-9eb6903 elementor-view-default elementor-position-top elementor-mobile-position-top elementor-widget elementor-widget-icon-box\" data-id=\"9eb6903\" data-element_type=\"widget\" data-widget_type=\"icon-box.default\">\n\t\t\t\t<div class=\"elementor-widget-container\">\n\t\t\t<link rel=\"stylesheet\" href=\"https:\/\/www.emsp.int\/wp-content\/uploads\/elementor\/css\/custom-widget-icon-box.min.css?ver=1753291122\">\t\t<div class=\"elementor-icon-box-wrapper\">\n\t\t\t\t\t\t<div class=\"elementor-icon-box-icon\">\n\t\t\t\t<span  class=\"elementor-icon elementor-animation-\">\n\t\t\t\t<svg xmlns=\"http:\/\/www.w3.org\/2000\/svg\" width=\"75\" height=\"51\" viewBox=\"0 0 75 51\" fill=\"none\"><path d=\"M37.5 0.800781L38.5986 1.38672L70.2393 17.793L74.2676 19.8438L60.9375 26.6553V38.5938C60.9375 39.5703 60.5957 40.4248 59.9121 41.1572C59.5215 41.5479 58.8867 41.9873 58.0078 42.4756C56.7383 43.1104 55.0537 43.6719 52.9541 44.1602C48.5596 45.1367 43.4082 45.625 37.5 45.625C31.5918 45.625 26.4404 45.1367 22.0459 44.1602C19.9463 43.6719 18.2617 43.1104 16.9922 42.4756C16.1133 41.9873 15.4785 41.5479 15.0879 41.1572C14.4043 40.4248 14.0625 39.5703 14.0625 38.5938V26.6553L9.375 24.2383V41.5967C10.1074 42.0361 10.6689 42.6221 11.0596 43.3545C11.499 44.0381 11.7188 44.7949 11.7188 45.625C11.7188 46.9434 11.2549 48.0664 10.3271 48.9941C9.44824 49.873 8.34961 50.3125 7.03125 50.3125C5.71289 50.3125 4.58984 49.873 3.66211 48.9941C2.7832 48.0664 2.34375 46.9434 2.34375 45.625C2.34375 44.7949 2.53906 44.0381 2.92969 43.3545C3.36914 42.6221 3.95508 42.0361 4.6875 41.5967V21.8213L0.732422 19.8438L4.76074 17.793L36.4014 1.38672L37.5 0.800781ZM37.5 6.07422L10.9863 19.8438L15.1611 21.9678C15.6006 21.4795 16.2109 21.04 16.9922 20.6494C18.2129 20.0146 19.8975 19.4531 22.0459 18.9648C26.3916 17.9883 31.543 17.5 37.5 17.5C43.457 17.5 48.6084 17.9883 52.9541 18.9648C55.1025 19.4531 56.7871 20.0146 58.0078 20.6494C58.7891 21.04 59.3994 21.4795 59.8389 21.9678L64.0137 19.8438L37.5 6.07422ZM37.5 22.1875C31.7871 22.1875 26.9775 22.627 23.0713 23.5059C21.2646 23.8965 19.9463 24.3115 19.1162 24.751C19.0186 24.7998 18.9209 24.873 18.8232 24.9707L18.75 25.0439V33.9795C19.7754 33.5889 20.874 33.2715 22.0459 33.0273C26.4404 32.0508 31.5918 31.5625 37.5 31.5625C43.4082 31.5625 48.5596 32.0508 52.9541 33.0273C54.126 33.2715 55.2246 33.5889 56.25 33.9795V25.0439L56.1768 24.9707C56.0791 24.873 55.9814 24.7998 55.8838 24.751C55.0537 24.3115 53.7354 23.8965 51.9287 23.5059C48.0225 22.627 43.2129 22.1875 37.5 22.1875ZM37.5 36.25C31.8359 36.25 27.0264 36.6895 23.0713 37.5684C21.8994 37.8125 20.8252 38.1543 19.8486 38.5938C20.8252 39.0332 21.8994 39.375 23.0713 39.6191C27.0264 40.498 31.8359 40.9375 37.5 40.9375C43.1641 40.9375 47.9736 40.498 51.9287 39.6191C53.1006 39.375 54.1748 39.0332 55.1514 38.5938C54.1748 38.1543 53.1006 37.8125 51.9287 37.5684C47.9736 36.6895 43.1641 36.25 37.5 36.25Z\" fill=\"#EF9C00\"><\/path><\/svg>\t\t\t\t<\/span>\n\t\t\t<\/div>\n\t\t\t\t\t\t<div class=\"elementor-icon-box-content\">\n\t\t\t\t<h3 class=\"elementor-icon-box-title\">\n\t\t\t\t\t<span  >\n\t\t\t\t\t\tADMISSION\t\t\t\t\t<\/span>\n\t\t\t\t<\/h3>\n\t\t\t\t\t\t\t\t\t<p class=\"elementor-icon-box-description\">\n\t\t\t\t\t\tConditions d'acc\u00e8s et d'admission aux cycles de formation  des  inspecteurs et des administrateurs d\u2019inspecteurs et des administrateurs des postes et services financiers a l'EMSP d'Abidjan\t\t\t\t\t<\/p>\n\t\t\t\t\t\t\t<\/div>\n\t\t<\/div>\n\t\t\t\t<\/div>\n\t\t\t\t<\/div>\n\t\t\t\t<\/div>\n\t\t\t\t\t<\/div>\n\t\t\t\t<\/div>\n\t\t<div class=\"elementor-element elementor-element-6a4344c e-flex e-con-boxed e-con e-parent\" data-id=\"6a4344c\" data-element_type=\"container\" data-settings=\"{&quot;background_background&quot;:&quot;classic&quot;,&quot;content_width&quot;:&quot;boxed&quot;}\" data-core-v316-plus=\"true\">\n\t\t\t\t\t<div class=\"e-con-inner\">\n\t\t\t\t<div class=\"elementor-element elementor-element-8ace746 elementor-widget elementor-widget-heading\" data-id=\"8ace746\" data-element_type=\"widget\" data-widget_type=\"heading.default\">\n\t\t\t\t<div class=\"elementor-widget-container\">\n\t\t\t<h2 class=\"elementor-heading-title elementor-size-default\">A- ADMISSIBILITE<\/h2>\t\t<\/div>\n\t\t\t\t<\/div>\n\t\t\t\t\t<\/div>\n\t\t\t\t<\/div>\n\t\t<div class=\"elementor-element elementor-element-e927f83 e-flex e-con-boxed e-con e-parent\" data-id=\"e927f83\" data-element_type=\"container\" data-settings=\"{&quot;background_background&quot;:&quot;classic&quot;,&quot;content_width&quot;:&quot;boxed&quot;}\" data-core-v316-plus=\"true\">\n\t\t\t\t\t<div class=\"e-con-inner\">\n\t\t\t\t<div class=\"elementor-element elementor-element-c09b4ac elementor-widget elementor-widget-heading\" data-id=\"c09b4ac\" data-element_type=\"widget\" data-widget_type=\"heading.default\">\n\t\t\t\t<div class=\"elementor-widget-container\">\n\t\t\t<h2 class=\"elementor-heading-title elementor-size-default\">I.\tCYCLE DE FORMATION DES ADMINISTRATEURS DES POSTES & SERVICES FINANCIERS<\/h2>\t\t<\/div>\n\t\t\t\t<\/div>\n\t\t\t\t<div class=\"elementor-element elementor-element-c275ca2 elementor-widget elementor-widget-text-editor\" data-id=\"c275ca2\" data-element_type=\"widget\" data-widget_type=\"text-editor.default\">\n\t\t\t\t<div class=\"elementor-widget-container\">\n\t\t\t<style>\/*! elementor - v3.16.0 - 20-09-2023 *\/\n.elementor-widget-text-editor.elementor-drop-cap-view-stacked .elementor-drop-cap{background-color:#69727d;color:#fff}.elementor-widget-text-editor.elementor-drop-cap-view-framed .elementor-drop-cap{color:#69727d;border:3px solid;background-color:transparent}.elementor-widget-text-editor:not(.elementor-drop-cap-view-default) .elementor-drop-cap{margin-top:8px}.elementor-widget-text-editor:not(.elementor-drop-cap-view-default) .elementor-drop-cap-letter{width:1em;height:1em}.elementor-widget-text-editor .elementor-drop-cap{float:left;text-align:center;line-height:1;font-size:50px}.elementor-widget-text-editor .elementor-drop-cap-letter{display:inline-block}<\/style>\t\t\t\t<p>Dur\u00e9e de la formation : 10 mois , dont 9 mois de cours th\u00e9oriques, et 1 mois pour\u00a0 la finalisation de la r\u00e9daction d&#8217;un projet professionnel<\/p>\t\t\t\t\t\t<\/div>\n\t\t\t\t<\/div>\n\t\t\t\t\t<\/div>\n\t\t\t\t<\/div>\n\t\t<div class=\"elementor-element elementor-element-18f2838 e-flex e-con-boxed e-con e-parent\" data-id=\"18f2838\" data-element_type=\"container\" data-settings=\"{&quot;background_background&quot;:&quot;classic&quot;,&quot;content_width&quot;:&quot;boxed&quot;}\" data-core-v316-plus=\"true\">\n\t\t\t\t\t<div class=\"e-con-inner\">\n\t\t\t\t<div class=\"elementor-element elementor-element-2b56ba7 elementor-widget elementor-widget-heading\" data-id=\"2b56ba7\" data-element_type=\"widget\" data-widget_type=\"heading.default\">\n\t\t\t\t<div class=\"elementor-widget-container\">\n\t\t\t<h2 class=\"elementor-heading-title elementor-size-default\">II.\tCYCLE DE FORMATION DES INSPECTEURS DES POSTES ET SERVICES FINANCIERS<\/h2>\t\t<\/div>\n\t\t\t\t<\/div>\n\t\t\t\t<div class=\"elementor-element elementor-element-5a5cced elementor-widget elementor-widget-text-editor\" data-id=\"5a5cced\" data-element_type=\"widget\" data-widget_type=\"text-editor.default\">\n\t\t\t\t<div class=\"elementor-widget-container\">\n\t\t\t\t\t\t\t<p>Dur\u00e9e de la formation : 10 mois , dont 9 mois de cours th\u00e9oriques, et 1 mois de de stage pratique<\/p>\t\t\t\t\t\t<\/div>\n\t\t\t\t<\/div>\n\t\t\t\t\t<\/div>\n\t\t\t\t<\/div>\n\t\t<div class=\"elementor-element elementor-element-9d32d9e e-flex e-con-boxed e-con e-parent\" data-id=\"9d32d9e\" data-element_type=\"container\" data-settings=\"{&quot;background_background&quot;:&quot;classic&quot;,&quot;content_width&quot;:&quot;boxed&quot;}\" data-core-v316-plus=\"true\">\n\t\t\t\t\t<div class=\"e-con-inner\">\n\t\t\t\t<div class=\"elementor-element elementor-element-1bb8c42 elementor-widget elementor-widget-heading\" data-id=\"1bb8c42\" data-element_type=\"widget\" data-widget_type=\"heading.default\">\n\t\t\t\t<div class=\"elementor-widget-container\">\n\t\t\t<h2 class=\"elementor-heading-title elementor-size-default\">III.\tCYCLE DE FORMATION DES CONTROLEURS DES POSTES ET SERVICES FINANCIERS<\/h2>\t\t<\/div>\n\t\t\t\t<\/div>\n\t\t\t\t<div class=\"elementor-element elementor-element-56855ba elementor-widget elementor-widget-text-editor\" data-id=\"56855ba\" data-element_type=\"widget\" data-widget_type=\"text-editor.default\">\n\t\t\t\t<div class=\"elementor-widget-container\">\n\t\t\t\t\t\t\t<p>Dur\u00e9e de la formation : 10 mois , dont 9 mois de cours th\u00e9oriques, et 1 mois de de stage pratique<\/p>\t\t\t\t\t\t<\/div>\n\t\t\t\t<\/div>\n\t\t\t\t<div class=\"elementor-element elementor-element-e0d40a1 elementor-widget elementor-widget-text-editor\" data-id=\"e0d40a1\" data-element_type=\"widget\" data-widget_type=\"text-editor.default\">\n\t\t\t\t<div class=\"elementor-widget-container\">\n\t\t\t\t\t\t\t<p><strong>NB : La proc\u00e9dure d&#8217;organisation de ces concours est envoy\u00e9e par la suite aux structures Minist\u00e8res, R\u00e9gulateurs et Op\u00e9rateurs D\u00e9sign\u00e9s en charge de la Poste) qui souhaitent ouvrir \u00e0 leur niveau un centre de composition pour la s\u00e9lection de leurs candidats.<\/strong><\/p>\t\t\t\t\t\t<\/div>\n\t\t\t\t<\/div>\n\t\t\t\t\t<\/div>\n\t\t\t\t<\/div>\n\t\t<div class=\"elementor-element elementor-element-f69c127 e-flex e-con-boxed e-con e-parent\" data-id=\"f69c127\" data-element_type=\"container\" data-settings=\"{&quot;background_background&quot;:&quot;classic&quot;,&quot;content_width&quot;:&quot;boxed&quot;}\" data-core-v316-plus=\"true\">\n\t\t\t\t\t<div class=\"e-con-inner\">\n\t\t\t\t<div class=\"elementor-element elementor-element-4460a66 elementor-widget elementor-widget-heading\" data-id=\"4460a66\" data-element_type=\"widget\" data-widget_type=\"heading.default\">\n\t\t\t\t<div class=\"elementor-widget-container\">\n\t\t\t<h2 class=\"elementor-heading-title elementor-size-default\">B- ADMISSION<\/h2>\t\t<\/div>\n\t\t\t\t<\/div>\n\t\t\t\t<div class=\"elementor-element elementor-element-8e9110f elementor-widget elementor-widget-text-editor\" data-id=\"8e9110f\" data-element_type=\"widget\" data-widget_type=\"text-editor.default\">\n\t\t\t\t<div class=\"elementor-widget-container\">\n\t\t\t\t\t\t\t<p>L&#8217;admission d\u00e9finitive est prononc\u00e9e par la structure (Minist\u00e8res, R\u00e9gulateurs et Op\u00e9rateurs D\u00e9sign\u00e9s) du pays qui pr\u00e9sente des candidats, en fonction du nombre de places convenues.<\/p>\t\t\t\t\t\t<\/div>\n\t\t\t\t<\/div>\n\t\t\t\t\t<\/div>\n\t\t\t\t<\/div>\n\t\t\t\t\t\t\t<\/div>\n\t\t","protected":false},"excerpt":{"rendered":"<p>ADMISSION AUX FCP ADMISSION Conditions d&#8217;acc\u00e8s et d&#8217;admission aux cycles de formation des inspecteurs et des administrateurs d\u2019inspecteurs et des administrateurs des postes et services financiers a l&#8217;EMSP d&#8217;Abidjan A- ADMISSIBILITE I. CYCLE DE FORMATION DES ADMINISTRATEURS DES POSTES &#038; SERVICES FINANCIERS Dur\u00e9e de la formation : 10 mois , dont 9 mois de cours [&hellip;]<\/p>\n","protected":false},"author":1,"featured_media":0,"parent":0,"menu_order":0,"comment_status":"closed","ping_status":"closed","template":"","meta":{"footnotes":""},"acf":[],"jetpack_sharing_enabled":true,"_links":{"self":[{"href":"https:\/\/www.emsp.int\/index.php\/wp-json\/wp\/v2\/pages\/1047"}],"collection":[{"href":"https:\/\/www.emsp.int\/index.php\/wp-json\/wp\/v2\/pages"}],"about":[{"href":"https:\/\/www.emsp.int\/index.php\/wp-json\/wp\/v2\/types\/page"}],"author":[{"embeddable":true,"href":"https:\/\/www.emsp.int\/index.php\/wp-json\/wp\/v2\/users\/1"}],"replies":[{"embeddable":true,"href":"https:\/\/www.emsp.int\/index.php\/wp-json\/wp\/v2\/comments?post=1047"}],"version-history":[{"count":61,"href":"https:\/\/www.emsp.int\/index.php\/wp-json\/wp\/v2\/pages\/1047\/revisions"}],"predecessor-version":[{"id":3063,"href":"https:\/\/www.emsp.int\/index.php\/wp-json\/wp\/v2\/pages\/1047\/revisions\/3063"}],"wp:attachment":[{"href":"https:\/\/www.emsp.int\/index.php\/wp-json\/wp\/v2\/media?parent=1047"}],"curies":[{"name":"wp","href":"https:\/\/api.w.org\/{rel}","templated":true}]}}