{"id":2626,"date":"2024-04-22T10:43:48","date_gmt":"2024-04-22T10:43:48","guid":{"rendered":"https:\/\/www.emsp.int\/?page_id=2626"},"modified":"2024-07-08T17:17:19","modified_gmt":"2024-07-08T17:17:19","slug":"iac-emsp","status":"publish","type":"page","link":"https:\/\/www.emsp.int\/index.php\/iac-emsp\/","title":{"rendered":"IAC-EMSP"},"content":{"rendered":"\t\t<div data-elementor-type=\"wp-page\" data-elementor-id=\"2626\" class=\"elementor elementor-2626\" data-elementor-post-type=\"page\">\n\t\t\t\t\t\t\t<div class=\"elementor-element elementor-element-aa8c7b5 e-flex e-con-boxed e-con e-parent\" data-id=\"aa8c7b5\" data-element_type=\"container\" data-settings=\"{&quot;background_background&quot;:&quot;classic&quot;,&quot;content_width&quot;:&quot;boxed&quot;}\" data-core-v316-plus=\"true\">\n\t\t\t\t\t<div class=\"e-con-inner\">\n\t\t\t\t<div class=\"elementor-element elementor-element-430e22d elementor-widget elementor-widget-heading\" data-id=\"430e22d\" data-element_type=\"widget\" data-widget_type=\"heading.default\">\n\t\t\t\t<div class=\"elementor-widget-container\">\n\t\t\t<style>\/*! elementor - v3.16.0 - 20-09-2023 *\/\n.elementor-heading-title{padding:0;margin:0;line-height:1}.elementor-widget-heading .elementor-heading-title[class*=elementor-size-]>a{color:inherit;font-size:inherit;line-height:inherit}.elementor-widget-heading .elementor-heading-title.elementor-size-small{font-size:15px}.elementor-widget-heading .elementor-heading-title.elementor-size-medium{font-size:19px}.elementor-widget-heading .elementor-heading-title.elementor-size-large{font-size:29px}.elementor-widget-heading .elementor-heading-title.elementor-size-xl{font-size:39px}.elementor-widget-heading .elementor-heading-title.elementor-size-xxl{font-size:59px}<\/style><h2 class=\"elementor-heading-title elementor-size-default\">Centre d'acc\u00e8s \u00e0 l'information (IAC-EMSP)<\/h2>\t\t<\/div>\n\t\t\t\t<\/div>\n\t\t\t\t\t<\/div>\n\t\t\t\t<\/div>\n\t\t<div class=\"elementor-element elementor-element-5684489 e-flex e-con-boxed e-con e-parent\" data-id=\"5684489\" data-element_type=\"container\" data-settings=\"{&quot;background_background&quot;:&quot;classic&quot;,&quot;content_width&quot;:&quot;boxed&quot;}\" data-core-v316-plus=\"true\">\n\t\t\t\t\t<div class=\"e-con-inner\">\n\t\t<div class=\"elementor-element elementor-element-be0e32e e-con-full e-flex e-con e-child\" data-id=\"be0e32e\" data-element_type=\"container\" data-settings=\"{&quot;content_width&quot;:&quot;full&quot;}\">\n\t\t\t\t<div class=\"elementor-element elementor-element-4755055 elementor-invisible elementor-widget elementor-widget-image\" data-id=\"4755055\" data-element_type=\"widget\" data-settings=\"{&quot;motion_fx_motion_fx_scrolling&quot;:&quot;yes&quot;,&quot;motion_fx_translateY_effect&quot;:&quot;yes&quot;,&quot;_animation&quot;:&quot;fadeInLeft&quot;,&quot;_animation_delay&quot;:200,&quot;motion_fx_translateY_speed&quot;:{&quot;unit&quot;:&quot;px&quot;,&quot;size&quot;:4,&quot;sizes&quot;:[]},&quot;motion_fx_translateY_affectedRange&quot;:{&quot;unit&quot;:&quot;%&quot;,&quot;size&quot;:&quot;&quot;,&quot;sizes&quot;:{&quot;start&quot;:0,&quot;end&quot;:100}},&quot;motion_fx_devices&quot;:[&quot;desktop&quot;,&quot;laptop&quot;,&quot;tablet&quot;,&quot;mobile&quot;]}\" data-widget_type=\"image.default\">\n\t\t\t\t<div class=\"elementor-widget-container\">\n\t\t\t<style>\/*! elementor - v3.16.0 - 20-09-2023 *\/\n.elementor-widget-image{text-align:center}.elementor-widget-image a{display:inline-block}.elementor-widget-image a img[src$=\".svg\"]{width:48px}.elementor-widget-image img{vertical-align:middle;display:inline-block}<\/style>\t\t\t\t\t\t\t\t\t\t\t\t<img loading=\"lazy\" decoding=\"async\" width=\"4256\" height=\"2832\" src=\"https:\/\/www.emsp.int\/wp-content\/uploads\/2024\/04\/Img012.png\" class=\"attachment-full size-full wp-image-2632\" alt=\"\" srcset=\"https:\/\/www.emsp.int\/wp-content\/uploads\/2024\/04\/Img012.png 4256w, https:\/\/www.emsp.int\/wp-content\/uploads\/2024\/04\/Img012-300x200.png 300w, https:\/\/www.emsp.int\/wp-content\/uploads\/2024\/04\/Img012-1024x681.png 1024w, https:\/\/www.emsp.int\/wp-content\/uploads\/2024\/04\/Img012-768x511.png 768w, https:\/\/www.emsp.int\/wp-content\/uploads\/2024\/04\/Img012-1536x1022.png 1536w, https:\/\/www.emsp.int\/wp-content\/uploads\/2024\/04\/Img012-2048x1363.png 2048w\" sizes=\"(max-width: 4256px) 100vw, 4256px\" \/>\t\t\t\t\t\t\t\t\t\t\t\t\t\t\t<\/div>\n\t\t\t\t<\/div>\n\t\t\t\t<\/div>\n\t\t<div class=\"elementor-element elementor-element-c66ffb1 e-con-full e-flex e-con e-child\" data-id=\"c66ffb1\" data-element_type=\"container\" data-settings=\"{&quot;content_width&quot;:&quot;full&quot;}\">\n\t\t\t\t<div class=\"elementor-element elementor-element-11c7f5b elementor-widget elementor-widget-heading\" data-id=\"11c7f5b\" data-element_type=\"widget\" data-widget_type=\"heading.default\">\n\t\t\t\t<div class=\"elementor-widget-container\">\n\t\t\t<h2 class=\"elementor-heading-title elementor-size-default\">pr\u00e9sentation <\/h2>\t\t<\/div>\n\t\t\t\t<\/div>\n\t\t\t\t<div class=\"elementor-element elementor-element-b8dc34d elementor-widget elementor-widget-text-editor\" data-id=\"b8dc34d\" data-element_type=\"widget\" data-widget_type=\"text-editor.default\">\n\t\t\t\t<div class=\"elementor-widget-container\">\n\t\t\t<style>\/*! elementor - v3.16.0 - 20-09-2023 *\/\n.elementor-widget-text-editor.elementor-drop-cap-view-stacked .elementor-drop-cap{background-color:#69727d;color:#fff}.elementor-widget-text-editor.elementor-drop-cap-view-framed .elementor-drop-cap{color:#69727d;border:3px solid;background-color:transparent}.elementor-widget-text-editor:not(.elementor-drop-cap-view-default) .elementor-drop-cap{margin-top:8px}.elementor-widget-text-editor:not(.elementor-drop-cap-view-default) .elementor-drop-cap-letter{width:1em;height:1em}.elementor-widget-text-editor .elementor-drop-cap{float:left;text-align:center;line-height:1;font-size:50px}.elementor-widget-text-editor .elementor-drop-cap-letter{display:inline-block}<\/style>\t\t\t\t<p>Fruit de la coop\u00e9ration entre la R\u00e9publique de Cor\u00e9e du Sud et l\u2019Etat de C\u00f4te d\u2019Ivoire, le Centre d\u2019Acc\u00e8s \u00e0 l\u2019Information ou Information Acess Center (IAC), est un joyau technologique qu\u2019abrite l\u2019EMSP.<br \/>Inaugur\u00e9 le 07 D\u00e9cembre 2023, ses installations comprennent :<\/p><ul><li>02 Salles de formation (40 Places)<\/li><li>01 Laboratoire IoT (09 Places)<\/li><li>01 Salle de vid\u00e9o-conf\u00e9rence (29 Places)<\/li><li>01 Salon Internet (35 Places)<\/li><\/ul><p>Avec ce Centre, l\u2019EMSP ambitionne, en tant qu\u2019Institution citoyenne, \u0153uvrer davantage \u00e0 la r\u00e9duction de la fracture num\u00e9rique en C\u00f4te d\u2019Ivoire, en offrant un espace id\u00e9al de formation, d\u2019apprentissage, de r\u00e9unions, d\u2019incubation et de co-working \u00e0 toutes les couches de la population, mais surtout des couches les plus d\u00e9favoris\u00e9es.<\/p>\t\t\t\t\t\t<\/div>\n\t\t\t\t<\/div>\n\t\t\t\t<\/div>\n\t\t\t\t\t<\/div>\n\t\t\t\t<\/div>\n\t\t\t\t\t\t\t<\/div>\n\t\t","protected":false},"excerpt":{"rendered":"<p>Centre d&#8217;acc\u00e8s \u00e0 l&#8217;information (IAC-EMSP) pr\u00e9sentation Fruit de la coop\u00e9ration entre la R\u00e9publique de Cor\u00e9e du Sud et l\u2019Etat de C\u00f4te d\u2019Ivoire, le Centre d\u2019Acc\u00e8s \u00e0 l\u2019Information ou Information Acess Center (IAC), est un joyau technologique qu\u2019abrite l\u2019EMSP.Inaugur\u00e9 le 07 D\u00e9cembre 2023, ses installations comprennent : 02 Salles de formation (40 Places) 01 Laboratoire IoT [&hellip;]<\/p>\n","protected":false},"author":1,"featured_media":0,"parent":0,"menu_order":0,"comment_status":"closed","ping_status":"closed","template":"","meta":{"footnotes":""},"acf":[],"jetpack_sharing_enabled":true,"_links":{"self":[{"href":"https:\/\/www.emsp.int\/index.php\/wp-json\/wp\/v2\/pages\/2626"}],"collection":[{"href":"https:\/\/www.emsp.int\/index.php\/wp-json\/wp\/v2\/pages"}],"about":[{"href":"https:\/\/www.emsp.int\/index.php\/wp-json\/wp\/v2\/types\/page"}],"author":[{"embeddable":true,"href":"https:\/\/www.emsp.int\/index.php\/wp-json\/wp\/v2\/users\/1"}],"replies":[{"embeddable":true,"href":"https:\/\/www.emsp.int\/index.php\/wp-json\/wp\/v2\/comments?post=2626"}],"version-history":[{"count":31,"href":"https:\/\/www.emsp.int\/index.php\/wp-json\/wp\/v2\/pages\/2626\/revisions"}],"predecessor-version":[{"id":3453,"href":"https:\/\/www.emsp.int\/index.php\/wp-json\/wp\/v2\/pages\/2626\/revisions\/3453"}],"wp:attachment":[{"href":"https:\/\/www.emsp.int\/index.php\/wp-json\/wp\/v2\/media?parent=2626"}],"curies":[{"name":"wp","href":"https:\/\/api.w.org\/{rel}","templated":true}]}}