{"id":35,"date":"2023-09-25T20:01:33","date_gmt":"2023-09-25T18:01:33","guid":{"rendered":"https:\/\/www.emsp.int\/?page_id=35"},"modified":"2025-04-17T14:25:06","modified_gmt":"2025-04-17T14:25:06","slug":"contacts","status":"publish","type":"page","link":"https:\/\/www.emsp.int\/index.php\/contacts\/","title":{"rendered":"Contacts"},"content":{"rendered":"\t\t<div data-elementor-type=\"wp-page\" data-elementor-id=\"35\" class=\"elementor elementor-35\" data-elementor-post-type=\"page\">\n\t\t\t\t\t\t\t<div class=\"elementor-element elementor-element-5050663 e-flex e-con-boxed e-con e-parent\" data-id=\"5050663\" data-element_type=\"container\" data-settings=\"{&quot;background_background&quot;:&quot;classic&quot;,&quot;content_width&quot;:&quot;boxed&quot;}\" data-core-v316-plus=\"true\">\n\t\t\t\t\t<div class=\"e-con-inner\">\n\t\t\t\t<div class=\"elementor-element elementor-element-83ff6aa elementor-widget elementor-widget-heading\" data-id=\"83ff6aa\" data-element_type=\"widget\" data-widget_type=\"heading.default\">\n\t\t\t\t<div class=\"elementor-widget-container\">\n\t\t\t<style>\/*! elementor - v3.16.0 - 20-09-2023 *\/\n.elementor-heading-title{padding:0;margin:0;line-height:1}.elementor-widget-heading .elementor-heading-title[class*=elementor-size-]>a{color:inherit;font-size:inherit;line-height:inherit}.elementor-widget-heading .elementor-heading-title.elementor-size-small{font-size:15px}.elementor-widget-heading .elementor-heading-title.elementor-size-medium{font-size:19px}.elementor-widget-heading .elementor-heading-title.elementor-size-large{font-size:29px}.elementor-widget-heading .elementor-heading-title.elementor-size-xl{font-size:39px}.elementor-widget-heading .elementor-heading-title.elementor-size-xxl{font-size:59px}<\/style><h2 class=\"elementor-heading-title elementor-size-default\">Nous contacter<\/h2>\t\t<\/div>\n\t\t\t\t<\/div>\n\t\t\t\t\t<\/div>\n\t\t\t\t<\/div>\n\t\t<div class=\"elementor-element elementor-element-5ed8c2d elementor-hidden-tablet elementor-hidden-mobile e-flex e-con-boxed e-con e-parent\" data-id=\"5ed8c2d\" data-element_type=\"container\" data-settings=\"{&quot;background_background&quot;:&quot;gradient&quot;,&quot;content_width&quot;:&quot;boxed&quot;}\" data-core-v316-plus=\"true\">\n\t\t\t\t\t<div class=\"e-con-inner\">\n\t\t<div class=\"elementor-element elementor-element-2d08ebe e-con-full e-flex e-con e-child\" data-id=\"2d08ebe\" data-element_type=\"container\" data-settings=\"{&quot;content_width&quot;:&quot;full&quot;,&quot;background_background&quot;:&quot;classic&quot;}\">\n\t\t\t\t<div class=\"elementor-element elementor-element-23dab80 fluent-form-widget-step-header-yes fluent-form-widget-step-progressbar-yes fluentform-widget-submit-button-custom elementor-widget elementor-widget-fluent-form-widget\" data-id=\"23dab80\" data-element_type=\"widget\" data-widget_type=\"fluent-form-widget.default\">\n\t\t\t\t<div class=\"elementor-widget-container\">\n\t\t\t\n            <div class=\"fluentform-widget-wrapper\">\n\n            \n            <div class='fluentform fluentform_wrapper_1'><form data-form_id=\"1\" id=\"fluentform_1\" class=\"frm-fluent-form fluent_form_1 ff-el-form-top ff_form_instance_1_1 ff-form-loading\" data-form_instance=\"ff_form_instance_1_1\" method=\"POST\" ><fieldset style=\"border: none!important;margin: 0!important;padding: 0!important;background-color: transparent!important;box-shadow: none!important;outline: none!important; min-inline-size: 100%;\">\n                    <legend class=\"ff_screen_reader_title\" style=\"display: block; margin: 0!important;padding: 0!important;height: 0!important;text-indent: -999999px;width: 0!important;overflow:hidden;\">Contact Form Demo<\/legend><input type='hidden' name='__fluent_form_embded_post_id' value='35' \/><input type=\"hidden\" id=\"_fluentform_1_fluentformnonce\" name=\"_fluentform_1_fluentformnonce\" value=\"773d7a151a\" \/><input type=\"hidden\" name=\"_wp_http_referer\" value=\"\/index.php\/wp-json\/wp\/v2\/pages\/35\" \/><div data-type=\"name-element\" data-name=\"names_1\" class=\" ff-field_container ff-name-field-wrapper\" ><div class='ff-t-container'><div class='ff-t-cell '><div class='ff-el-group  ff-el-form-top'><div class='ff-el-input--content'><input type=\"text\" name=\"names_1[first_name]\" id=\"ff_1_names_1_first_name_\" class=\"ff-el-form-control\" placeholder=\"Nom &amp; pr\u00e9noms\" aria-invalid=\"false\" aria-required=false><\/div><\/div><\/div><\/div><\/div><div class='ff-el-group'><div class='ff-el-input--content'><input type=\"email\" name=\"email\" id=\"ff_1_email\" class=\"ff-el-form-control\" placeholder=\"votre adress email\" data-name=\"email\"  aria-invalid=\"false\" aria-required=true><\/div><\/div><div class='ff-el-group'><div class='ff-el-input--content'><input name=\"phone\" class=\"ff-el-form-control ff-el-phone\" type=\"tel\" placeholder=\"Num\u00e9ro de t\u00e9l\u00e9phone\" data-name=\"phone\" id=\"ff_1_phone\" inputmode=\"tel\"  aria-invalid='false' aria-required=false><\/div><\/div><div class='ff-el-group'><div class='ff-el-input--content'><textarea aria-invalid=\"false\" aria-required=true name=\"message\" id=\"ff_1_message\" class=\"ff-el-form-control\" placeholder=\"Message\" rows=\"4\" cols=\"2\" data-name=\"message\" ><\/textarea><\/div><\/div><div class='ff-el-group ff-text-right ff_submit_btn_wrapper'><button type=\"submit\" class=\"ff-btn ff-btn-submit ff-btn-md ff_btn_style\" >Envoyer le message<\/button><\/div><\/fieldset><\/form><div id='fluentform_1_errors' class='ff-errors-in-stack ff_form_instance_1_1 ff-form-loading_errors ff_form_instance_1_1_errors'><\/div><\/div>        <script type=\"text\/javascript\">\n            window.fluent_form_ff_form_instance_1_1 = {\"id\":\"1\",\"settings\":{\"layout\":{\"labelPlacement\":\"top\",\"helpMessagePlacement\":\"with_label\",\"errorMessagePlacement\":\"inline\",\"cssClassName\":\"\",\"asteriskPlacement\":\"asterisk-right\"},\"restrictions\":{\"denyEmptySubmission\":{\"enabled\":false}}},\"form_instance\":\"ff_form_instance_1_1\",\"form_id_selector\":\"fluentform_1\",\"rules\":{\"names_1[first_name]\":{\"required\":{\"value\":false,\"message\":\"Ce champ est obligatoire\"}},\"names_1[middle_name]\":{\"required\":{\"value\":false,\"message\":\"Ce champ est obligatoire\"}},\"names_1[last_name]\":{\"required\":{\"value\":false,\"message\":\"Ce champ est obligatoire\"}},\"email\":{\"required\":{\"value\":true,\"message\":\"This field is required\"},\"email\":{\"value\":true,\"message\":\"This field must contain a valid email\"}},\"phone\":{\"required\":{\"value\":false,\"message\":\"Ce champ est requis\"},\"valid_phone_number\":{\"value\":false,\"message\":\"Le num\\u00e9ro de t\\u00e9l\\u00e9phone n'est pas valide\"}},\"message\":{\"required\":{\"value\":true,\"message\":\"This field is required\"}}}};\n                    <\/script>\n                    <\/div>\n\n            \t\t<\/div>\n\t\t\t\t<\/div>\n\t\t\t\t<\/div>\n\t\t<div class=\"elementor-element elementor-element-e30183b e-con-full e-flex e-con e-child\" data-id=\"e30183b\" data-element_type=\"container\" data-settings=\"{&quot;content_width&quot;:&quot;full&quot;}\">\n\t\t\t\t<div class=\"elementor-element elementor-element-a1ffecd elementor-icon-list--layout-traditional elementor-list-item-link-full_width elementor-widget elementor-widget-icon-list\" data-id=\"a1ffecd\" data-element_type=\"widget\" data-widget_type=\"icon-list.default\">\n\t\t\t\t<div class=\"elementor-widget-container\">\n\t\t\t<link rel=\"stylesheet\" href=\"https:\/\/www.emsp.int\/wp-content\/uploads\/elementor\/css\/custom-widget-icon-list.min.css?ver=1753291121\">\t\t<ul class=\"elementor-icon-list-items\">\n\t\t\t\t\t\t\t<li class=\"elementor-icon-list-item\">\n\t\t\t\t\t\t\t\t\t\t\t<span class=\"elementor-icon-list-icon\">\n\t\t\t\t\t\t\t<svg xmlns=\"http:\/\/www.w3.org\/2000\/svg\" width=\"58\" height=\"58\" viewBox=\"0 0 58 58\" fill=\"none\"><circle cx=\"29\" cy=\"29\" r=\"29\" fill=\"#086136\"><\/circle><path d=\"M32.7578 20.0037C34.1738 20.2729 35.4753 20.9477 36.4955 21.9417C37.5157 22.9358 38.2082 24.2038 38.4845 25.5836M32.7578 14.3531C35.6998 14.6716 38.4433 15.9553 40.5378 17.9935C42.6322 20.0317 43.9532 22.7032 44.2837 25.5694M42.8339 36.8422V41.0801C42.8356 41.4736 42.7529 41.863 42.5911 42.2235C42.4293 42.5839 42.1921 42.9075 41.8946 43.1735C41.597 43.4394 41.2458 43.6419 40.8633 43.768C40.4808 43.894 40.0755 43.9408 39.6733 43.9054C35.212 43.4331 30.9267 41.9477 27.1615 39.5686C23.6585 37.3998 20.6886 34.506 18.4627 31.0928C16.0125 27.4076 14.4877 23.2118 14.0118 18.8453C13.9755 18.4547 14.0232 18.061 14.1517 17.6893C14.2802 17.3175 14.4867 16.976 14.7581 16.6863C15.0295 16.3966 15.3598 16.1651 15.728 16.0067C16.0963 15.8482 16.4943 15.7662 16.8969 15.7658H21.2463C21.9499 15.759 22.632 16.0018 23.1655 16.4488C23.699 16.8959 24.0474 17.5167 24.1459 18.1955C24.3295 19.5517 24.6699 20.8834 25.1608 22.165C25.3558 22.6706 25.3981 23.2201 25.2824 23.7484C25.1668 24.2767 24.8982 24.7616 24.5084 25.1457L22.6671 26.9397C24.731 30.4763 27.7363 33.4045 31.366 35.4155L33.2072 33.6214C33.6014 33.2416 34.0991 32.9799 34.6412 32.8672C35.1834 32.7546 35.7474 32.7957 36.2663 32.9858C37.5817 33.464 38.9483 33.7957 40.3403 33.9746C41.0445 34.0714 41.6877 34.417 42.1475 34.9458C42.6073 35.4745 42.8516 36.1495 42.8339 36.8422Z\" stroke=\"white\" stroke-linecap=\"round\" stroke-linejoin=\"round\"><\/path><\/svg>\t\t\t\t\t\t<\/span>\n\t\t\t\t\t\t\t\t\t\t<span class=\"elementor-icon-list-text\">+225 27 21 21 45 60 <\/span>\n\t\t\t\t\t\t\t\t\t<\/li>\n\t\t\t\t\t\t\t\t<li class=\"elementor-icon-list-item\">\n\t\t\t\t\t\t\t\t\t\t\t<span class=\"elementor-icon-list-icon\">\n\t\t\t\t\t\t\t<svg xmlns=\"http:\/\/www.w3.org\/2000\/svg\" width=\"58\" height=\"58\" viewBox=\"0 0 58 58\" fill=\"none\"><circle cx=\"29\" cy=\"29\" r=\"29\" fill=\"#086136\"><\/circle><path d=\"M40.9883 26.2811C40.9883 35.3889 29.2783 43.1955 29.2783 43.1955C29.2783 43.1955 17.5684 35.3889 17.5684 26.2811C17.5684 23.1755 18.8021 20.197 20.9981 18.0009C23.1942 15.8049 26.1727 14.5712 29.2783 14.5712C32.384 14.5712 35.3625 15.8049 37.5585 18.0009C39.7546 20.197 40.9883 23.1755 40.9883 26.2811Z\" stroke=\"white\" stroke-linecap=\"round\" stroke-linejoin=\"round\"><\/path><path d=\"M29.501 30.1845C31.6567 30.1845 33.4043 28.4369 33.4043 26.2811C33.4043 24.1254 31.6567 22.3778 29.501 22.3778C27.3452 22.3778 25.5977 24.1254 25.5977 26.2811C25.5977 28.4369 27.3452 30.1845 29.501 30.1845Z\" stroke=\"white\" stroke-linecap=\"round\" stroke-linejoin=\"round\"><\/path><\/svg>\t\t\t\t\t\t<\/span>\n\t\t\t\t\t\t\t\t\t\t<span class=\"elementor-icon-list-text\">Abidjan, Treichville, Zone 3,  Km 4, Boulevard de Marseille, Concession des Postes et T\u00e9l\u00e9communications  <\/span>\n\t\t\t\t\t\t\t\t\t<\/li>\n\t\t\t\t\t\t\t\t<li class=\"elementor-icon-list-item\">\n\t\t\t\t\t\t\t\t\t\t\t<span class=\"elementor-icon-list-icon\">\n\t\t\t\t\t\t\t<svg xmlns=\"http:\/\/www.w3.org\/2000\/svg\" width=\"58\" height=\"58\" viewBox=\"0 0 58 58\" fill=\"none\"><circle cx=\"29\" cy=\"29\" r=\"29\" fill=\"#086136\"><\/circle><path d=\"M17.7922 18.2142H40.9891C42.5839 18.2142 43.8887 19.4856 43.8887 21.0395V37.9911C43.8887 39.545 42.5839 40.8163 40.9891 40.8163H17.7922C16.1974 40.8163 14.8926 39.545 14.8926 37.9911V21.0395C14.8926 19.4856 16.1974 18.2142 17.7922 18.2142Z\" stroke=\"white\" stroke-linecap=\"round\" stroke-linejoin=\"round\"><\/path><path d=\"M43.8887 20.7376L29.3906 30.626L14.8926 20.7376\" stroke=\"white\" stroke-linecap=\"round\" stroke-linejoin=\"round\"><\/path><\/svg>\t\t\t\t\t\t<\/span>\n\t\t\t\t\t\t\t\t\t\t<span class=\"elementor-icon-list-text\">Email : contact@emsp.int \/ info@emsp.int <br>18 BP 42 Abidjan 18<\/span>\n\t\t\t\t\t\t\t\t\t<\/li>\n\t\t\t\t\t\t<\/ul>\n\t\t\t\t<\/div>\n\t\t\t\t<\/div>\n\t\t\t\t<\/div>\n\t\t\t\t\t<\/div>\n\t\t\t\t<\/div>\n\t\t<div class=\"elementor-element elementor-element-46383c5 elementor-hidden-desktop elementor-hidden-laptop e-flex e-con-boxed e-con e-parent\" data-id=\"46383c5\" data-element_type=\"container\" data-settings=\"{&quot;background_background&quot;:&quot;gradient&quot;,&quot;content_width&quot;:&quot;boxed&quot;}\" data-core-v316-plus=\"true\">\n\t\t\t\t\t<div class=\"e-con-inner\">\n\t\t<div class=\"elementor-element elementor-element-c26e02f e-con-full e-flex e-con e-child\" data-id=\"c26e02f\" data-element_type=\"container\" data-settings=\"{&quot;content_width&quot;:&quot;full&quot;,&quot;background_background&quot;:&quot;classic&quot;}\">\n\t\t\t\t<div class=\"elementor-element elementor-element-3ed1717 fluent-form-widget-step-header-yes fluent-form-widget-step-progressbar-yes fluentform-widget-submit-button-custom elementor-widget elementor-widget-fluent-form-widget\" data-id=\"3ed1717\" data-element_type=\"widget\" data-widget_type=\"fluent-form-widget.default\">\n\t\t\t\t<div class=\"elementor-widget-container\">\n\t\t\t\n            <div class=\"fluentform-widget-wrapper\">\n\n            \n            <div class='fluentform fluentform_wrapper_1'><form data-form_id=\"1\" id=\"fluentform_1\" class=\"frm-fluent-form fluent_form_1 ff-el-form-top ff_form_instance_1_2 ff-form-loading\" data-form_instance=\"ff_form_instance_1_2\" method=\"POST\" ><fieldset style=\"border: none!important;margin: 0!important;padding: 0!important;background-color: transparent!important;box-shadow: none!important;outline: none!important; min-inline-size: 100%;\">\n                    <legend class=\"ff_screen_reader_title\" style=\"display: block; margin: 0!important;padding: 0!important;height: 0!important;text-indent: -999999px;width: 0!important;overflow:hidden;\">Contact Form Demo<\/legend><input type='hidden' name='__fluent_form_embded_post_id' value='35' \/><input type=\"hidden\" id=\"_fluentform_1_fluentformnonce\" name=\"_fluentform_1_fluentformnonce\" value=\"773d7a151a\" \/><input type=\"hidden\" name=\"_wp_http_referer\" value=\"\/index.php\/wp-json\/wp\/v2\/pages\/35\" \/><div data-type=\"name-element\" data-name=\"names_1\" class=\" ff-field_container ff-name-field-wrapper\" ><div class='ff-t-container'><div class='ff-t-cell '><div class='ff-el-group  ff-el-form-top'><div class='ff-el-input--content'><input type=\"text\" name=\"names_1[first_name]\" id=\"ff_1_2_names_1_first_name_\" class=\"ff-el-form-control\" placeholder=\"Nom &amp; pr\u00e9noms\" aria-invalid=\"false\" aria-required=false><\/div><\/div><\/div><\/div><\/div><div class='ff-el-group'><div class='ff-el-input--content'><input type=\"email\" name=\"email\" id=\"ff_1_2_email\" class=\"ff-el-form-control\" placeholder=\"votre adress email\" data-name=\"email\"  aria-invalid=\"false\" aria-required=true><\/div><\/div><div class='ff-el-group'><div class='ff-el-input--content'><input name=\"phone\" class=\"ff-el-form-control ff-el-phone\" type=\"tel\" placeholder=\"Num\u00e9ro de t\u00e9l\u00e9phone\" data-name=\"phone\" id=\"ff_1_2_phone\" inputmode=\"tel\"  aria-invalid='false' aria-required=false><\/div><\/div><div class='ff-el-group'><div class='ff-el-input--content'><textarea aria-invalid=\"false\" aria-required=true name=\"message\" id=\"ff_1_2_message\" class=\"ff-el-form-control\" placeholder=\"Message\" rows=\"4\" cols=\"2\" data-name=\"message\" ><\/textarea><\/div><\/div><div class='ff-el-group ff-text-right ff_submit_btn_wrapper'><button type=\"submit\" class=\"ff-btn ff-btn-submit ff-btn-md ff_btn_style\" >Envoyer le message<\/button><\/div><\/fieldset><\/form><div id='fluentform_1_errors' class='ff-errors-in-stack ff_form_instance_1_2 ff-form-loading_errors ff_form_instance_1_2_errors'><\/div><\/div>        <script type=\"text\/javascript\">\n            window.fluent_form_ff_form_instance_1_2 = {\"id\":\"1\",\"settings\":{\"layout\":{\"labelPlacement\":\"top\",\"helpMessagePlacement\":\"with_label\",\"errorMessagePlacement\":\"inline\",\"cssClassName\":\"\",\"asteriskPlacement\":\"asterisk-right\"},\"restrictions\":{\"denyEmptySubmission\":{\"enabled\":false}}},\"form_instance\":\"ff_form_instance_1_2\",\"form_id_selector\":\"fluentform_1\",\"rules\":{\"names_1[first_name]\":{\"required\":{\"value\":false,\"message\":\"Ce champ est obligatoire\"}},\"names_1[middle_name]\":{\"required\":{\"value\":false,\"message\":\"Ce champ est obligatoire\"}},\"names_1[last_name]\":{\"required\":{\"value\":false,\"message\":\"Ce champ est obligatoire\"}},\"email\":{\"required\":{\"value\":true,\"message\":\"This field is required\"},\"email\":{\"value\":true,\"message\":\"This field must contain a valid email\"}},\"phone\":{\"required\":{\"value\":false,\"message\":\"Ce champ est requis\"},\"valid_phone_number\":{\"value\":false,\"message\":\"Le num\\u00e9ro de t\\u00e9l\\u00e9phone n'est pas valide\"}},\"message\":{\"required\":{\"value\":true,\"message\":\"This field is required\"}}}};\n                    <\/script>\n                    <\/div>\n\n            \t\t<\/div>\n\t\t\t\t<\/div>\n\t\t\t\t<\/div>\n\t\t<div class=\"elementor-element elementor-element-3114899 e-con-full e-flex e-con e-child\" data-id=\"3114899\" data-element_type=\"container\" data-settings=\"{&quot;content_width&quot;:&quot;full&quot;}\">\n\t\t\t\t<div class=\"elementor-element elementor-element-cfeea78 elementor-icon-list--layout-traditional elementor-list-item-link-full_width elementor-widget elementor-widget-icon-list\" data-id=\"cfeea78\" data-element_type=\"widget\" data-widget_type=\"icon-list.default\">\n\t\t\t\t<div class=\"elementor-widget-container\">\n\t\t\t\t\t<ul class=\"elementor-icon-list-items\">\n\t\t\t\t\t\t\t<li class=\"elementor-icon-list-item\">\n\t\t\t\t\t\t\t\t\t\t\t<span class=\"elementor-icon-list-icon\">\n\t\t\t\t\t\t\t<svg xmlns=\"http:\/\/www.w3.org\/2000\/svg\" width=\"58\" height=\"58\" viewBox=\"0 0 58 58\" fill=\"none\"><circle cx=\"29\" cy=\"29\" r=\"29\" fill=\"#086136\"><\/circle><path d=\"M32.7578 20.0037C34.1738 20.2729 35.4753 20.9477 36.4955 21.9417C37.5157 22.9358 38.2082 24.2038 38.4845 25.5836M32.7578 14.3531C35.6998 14.6716 38.4433 15.9553 40.5378 17.9935C42.6322 20.0317 43.9532 22.7032 44.2837 25.5694M42.8339 36.8422V41.0801C42.8356 41.4736 42.7529 41.863 42.5911 42.2235C42.4293 42.5839 42.1921 42.9075 41.8946 43.1735C41.597 43.4394 41.2458 43.6419 40.8633 43.768C40.4808 43.894 40.0755 43.9408 39.6733 43.9054C35.212 43.4331 30.9267 41.9477 27.1615 39.5686C23.6585 37.3998 20.6886 34.506 18.4627 31.0928C16.0125 27.4076 14.4877 23.2118 14.0118 18.8453C13.9755 18.4547 14.0232 18.061 14.1517 17.6893C14.2802 17.3175 14.4867 16.976 14.7581 16.6863C15.0295 16.3966 15.3598 16.1651 15.728 16.0067C16.0963 15.8482 16.4943 15.7662 16.8969 15.7658H21.2463C21.9499 15.759 22.632 16.0018 23.1655 16.4488C23.699 16.8959 24.0474 17.5167 24.1459 18.1955C24.3295 19.5517 24.6699 20.8834 25.1608 22.165C25.3558 22.6706 25.3981 23.2201 25.2824 23.7484C25.1668 24.2767 24.8982 24.7616 24.5084 25.1457L22.6671 26.9397C24.731 30.4763 27.7363 33.4045 31.366 35.4155L33.2072 33.6214C33.6014 33.2416 34.0991 32.9799 34.6412 32.8672C35.1834 32.7546 35.7474 32.7957 36.2663 32.9858C37.5817 33.464 38.9483 33.7957 40.3403 33.9746C41.0445 34.0714 41.6877 34.417 42.1475 34.9458C42.6073 35.4745 42.8516 36.1495 42.8339 36.8422Z\" stroke=\"white\" stroke-linecap=\"round\" stroke-linejoin=\"round\"><\/path><\/svg>\t\t\t\t\t\t<\/span>\n\t\t\t\t\t\t\t\t\t\t<span class=\"elementor-icon-list-text\">+225 27 21 21 45 60<\/span>\n\t\t\t\t\t\t\t\t\t<\/li>\n\t\t\t\t\t\t\t\t<li class=\"elementor-icon-list-item\">\n\t\t\t\t\t\t\t\t\t\t\t<span class=\"elementor-icon-list-icon\">\n\t\t\t\t\t\t\t<svg xmlns=\"http:\/\/www.w3.org\/2000\/svg\" width=\"58\" height=\"58\" viewBox=\"0 0 58 58\" fill=\"none\"><circle cx=\"29\" cy=\"29\" r=\"29\" fill=\"#086136\"><\/circle><path d=\"M40.9883 26.2811C40.9883 35.3889 29.2783 43.1955 29.2783 43.1955C29.2783 43.1955 17.5684 35.3889 17.5684 26.2811C17.5684 23.1755 18.8021 20.197 20.9981 18.0009C23.1942 15.8049 26.1727 14.5712 29.2783 14.5712C32.384 14.5712 35.3625 15.8049 37.5585 18.0009C39.7546 20.197 40.9883 23.1755 40.9883 26.2811Z\" stroke=\"white\" stroke-linecap=\"round\" stroke-linejoin=\"round\"><\/path><path d=\"M29.501 30.1845C31.6567 30.1845 33.4043 28.4369 33.4043 26.2811C33.4043 24.1254 31.6567 22.3778 29.501 22.3778C27.3452 22.3778 25.5977 24.1254 25.5977 26.2811C25.5977 28.4369 27.3452 30.1845 29.501 30.1845Z\" stroke=\"white\" stroke-linecap=\"round\" stroke-linejoin=\"round\"><\/path><\/svg>\t\t\t\t\t\t<\/span>\n\t\t\t\t\t\t\t\t\t\t<span class=\"elementor-icon-list-text\">Treichville Abidjan Zone 3 Km 4, Boulevard de Marseille  18 BP 42 Abidjan 18<\/span>\n\t\t\t\t\t\t\t\t\t<\/li>\n\t\t\t\t\t\t\t\t<li class=\"elementor-icon-list-item\">\n\t\t\t\t\t\t\t\t\t\t\t<span class=\"elementor-icon-list-icon\">\n\t\t\t\t\t\t\t<svg xmlns=\"http:\/\/www.w3.org\/2000\/svg\" width=\"58\" height=\"58\" viewBox=\"0 0 58 58\" fill=\"none\"><circle cx=\"29\" cy=\"29\" r=\"29\" fill=\"#086136\"><\/circle><path d=\"M17.7922 18.2142H40.9891C42.5839 18.2142 43.8887 19.4856 43.8887 21.0395V37.9911C43.8887 39.545 42.5839 40.8163 40.9891 40.8163H17.7922C16.1974 40.8163 14.8926 39.545 14.8926 37.9911V21.0395C14.8926 19.4856 16.1974 18.2142 17.7922 18.2142Z\" stroke=\"white\" stroke-linecap=\"round\" stroke-linejoin=\"round\"><\/path><path d=\"M43.8887 20.7376L29.3906 30.626L14.8926 20.7376\" stroke=\"white\" stroke-linecap=\"round\" stroke-linejoin=\"round\"><\/path><\/svg>\t\t\t\t\t\t<\/span>\n\t\t\t\t\t\t\t\t\t\t<span class=\"elementor-icon-list-text\">Email : contact@emsp.int<\/span>\n\t\t\t\t\t\t\t\t\t<\/li>\n\t\t\t\t\t\t<\/ul>\n\t\t\t\t<\/div>\n\t\t\t\t<\/div>\n\t\t\t\t<\/div>\n\t\t\t\t\t<\/div>\n\t\t\t\t<\/div>\n\t\t\t\t\t\t\t<\/div>\n\t\t","protected":false},"excerpt":{"rendered":"<p>Nous contacter Contact Form Demo Envoyer le message +225 27 21 21 45 60 Abidjan, Treichville, Zone 3, Km 4, Boulevard de Marseille, Concession des Postes et T\u00e9l\u00e9communications Email : contact@emsp.int \/ info@emsp.int 18 BP 42 Abidjan 18 Contact Form Demo Envoyer le message +225 27 21 21 45 60 Treichville Abidjan Zone 3 Km [&hellip;]<\/p>\n","protected":false},"author":1,"featured_media":0,"parent":0,"menu_order":0,"comment_status":"closed","ping_status":"closed","template":"","meta":{"footnotes":""},"acf":[],"jetpack_sharing_enabled":true,"_links":{"self":[{"href":"https:\/\/www.emsp.int\/index.php\/wp-json\/wp\/v2\/pages\/35"}],"collection":[{"href":"https:\/\/www.emsp.int\/index.php\/wp-json\/wp\/v2\/pages"}],"about":[{"href":"https:\/\/www.emsp.int\/index.php\/wp-json\/wp\/v2\/types\/page"}],"author":[{"embeddable":true,"href":"https:\/\/www.emsp.int\/index.php\/wp-json\/wp\/v2\/users\/1"}],"replies":[{"embeddable":true,"href":"https:\/\/www.emsp.int\/index.php\/wp-json\/wp\/v2\/comments?post=35"}],"version-history":[{"count":97,"href":"https:\/\/www.emsp.int\/index.php\/wp-json\/wp\/v2\/pages\/35\/revisions"}],"predecessor-version":[{"id":3835,"href":"https:\/\/www.emsp.int\/index.php\/wp-json\/wp\/v2\/pages\/35\/revisions\/3835"}],"wp:attachment":[{"href":"https:\/\/www.emsp.int\/index.php\/wp-json\/wp\/v2\/media?parent=35"}],"curies":[{"name":"wp","href":"https:\/\/api.w.org\/{rel}","templated":true}]}}